[INFO] cloning repository https://github.com/diasdavid/sherlock-and-pairs-rust
[INFO] running `Command { std: "git" "-c" "credential.helper=" "-c" "credential.helper=/workspace/cargo-home/bin/git-credential-null" "clone" "--bare" "https://github.com/diasdavid/sherlock-and-pairs-rust" "/workspace/cache/git-repos/https%3A%2F%2Fgithub.com%2Fdiasdavid%2Fsherlock-and-pairs-rust", kill_on_drop: false }`
[INFO] [stderr] Cloning into bare repository '/workspace/cache/git-repos/https%3A%2F%2Fgithub.com%2Fdiasdavid%2Fsherlock-and-pairs-rust'...
[INFO] running `Command { std: "git" "rev-parse" "HEAD", kill_on_drop: false }`
[INFO] [stdout] 5f768263621d1ea7ed2262369ea051774d4a8953
[INFO] checking diasdavid/sherlock-and-pairs-rust against master#af3c6e733a40e671550e0f0f5aeecaa13772ba56 for pr-74989
[INFO] running `Command { std: "git" "clone" "/workspace/cache/git-repos/https%3A%2F%2Fgithub.com%2Fdiasdavid%2Fsherlock-and-pairs-rust" "/workspace/builds/worker-5/source", kill_on_drop: false }`
[INFO] [stderr] Cloning into '/workspace/builds/worker-5/source'...
[INFO] [stderr] done.
[INFO] validating manifest of git repo https://github.com/diasdavid/sherlock-and-pairs-rust on toolchain af3c6e733a40e671550e0f0f5aeecaa13772ba56
[INFO] running `Command { std: "/workspace/cargo-home/bin/cargo" "+af3c6e733a40e671550e0f0f5aeecaa13772ba56" "read-manifest" "--manifest-path" "Cargo.toml", kill_on_drop: false }`
[INFO] started tweaking git repo https://github.com/diasdavid/sherlock-and-pairs-rust
[INFO] finished tweaking git repo https://github.com/diasdavid/sherlock-and-pairs-rust
[INFO] tweaked toml for git repo https://github.com/diasdavid/sherlock-and-pairs-rust written to /workspace/builds/worker-5/source/Cargo.toml
[INFO] crate git repo https://github.com/diasdavid/sherlock-and-pairs-rust already has a lockfile, it will not be regenerated
[INFO] running `Command { std: "/workspace/cargo-home/bin/cargo" "+af3c6e733a40e671550e0f0f5aeecaa13772ba56" "fetch" "--locked" "--manifest-path" "Cargo.toml", kill_on_drop: false }`
[INFO] running `Command { std: "docker" "create" "-v" "/var/lib/crater-agent-workspace/builds/worker-5/target:/opt/rustwide/target:rw,Z" "-v" "/var/lib/crater-agent-workspace/builds/worker-5/source:/opt/rustwide/workdir:ro,Z" "-v" "/var/lib/crater-agent-workspace/cargo-home:/opt/rustwide/cargo-home:ro,Z" "-v" "/var/lib/crater-agent-workspace/rustup-home:/opt/rustwide/rustup-home:ro,Z" "-e" "SOURCE_DIR=/opt/rustwide/workdir" "-e" "CARGO_TARGET_DIR=/opt/rustwide/target" "-e" "CARGO_HOME=/opt/rustwide/cargo-home" "-e" "RUSTUP_HOME=/opt/rustwide/rustup-home" "-w" "/opt/rustwide/workdir" "-m" "1610612736" "--user" "0:0" "--network" "none" "rustops/crates-build-env@sha256:d92eaeed33fa75130ca1ee6c8a01d1ffb62bac859dfdfb3450e3e5d1c0146529" "/opt/rustwide/cargo-home/bin/cargo" "+af3c6e733a40e671550e0f0f5aeecaa13772ba56" "metadata" "--no-deps" "--format-version=1", kill_on_drop: false }`
[INFO] [stdout] e2867872d15d34b448c706bcd98a708d33505ec8b369211e3071de983f26f440
[INFO] [stderr] WARNING: Your kernel does not support swap limit capabilities or the cgroup is not mounted. Memory limited without swap.
[INFO] running `Command { std: "docker" "start" "-a" "e2867872d15d34b448c706bcd98a708d33505ec8b369211e3071de983f26f440", kill_on_drop: false }`
[INFO] running `Command { std: "docker" "inspect" "e2867872d15d34b448c706bcd98a708d33505ec8b369211e3071de983f26f440", kill_on_drop: false }`
[INFO] running `Command { std: "docker" "rm" "-f" "e2867872d15d34b448c706bcd98a708d33505ec8b369211e3071de983f26f440", kill_on_drop: false }`
[INFO] [stdout] e2867872d15d34b448c706bcd98a708d33505ec8b369211e3071de983f26f440
[INFO] running `Command { std: "docker" "create" "-v" "/var/lib/crater-agent-workspace/builds/worker-5/target:/opt/rustwide/target:rw,Z" "-v" "/var/lib/crater-agent-workspace/builds/worker-5/source:/opt/rustwide/workdir:ro,Z" "-v" "/var/lib/crater-agent-workspace/cargo-home:/opt/rustwide/cargo-home:ro,Z" "-v" "/var/lib/crater-agent-workspace/rustup-home:/opt/rustwide/rustup-home:ro,Z" "-e" "SOURCE_DIR=/opt/rustwide/workdir" "-e" "CARGO_TARGET_DIR=/opt/rustwide/target" "-e" "CARGO_INCREMENTAL=0" "-e" "RUST_BACKTRACE=full" "-e" "RUSTFLAGS=--cap-lints=forbid" "-e" "CARGO_HOME=/opt/rustwide/cargo-home" "-e" "RUSTUP_HOME=/opt/rustwide/rustup-home" "-w" "/opt/rustwide/workdir" "-m" "1610612736" "--user" "0:0" "--network" "none" "rustops/crates-build-env@sha256:d92eaeed33fa75130ca1ee6c8a01d1ffb62bac859dfdfb3450e3e5d1c0146529" "/opt/rustwide/cargo-home/bin/cargo" "+af3c6e733a40e671550e0f0f5aeecaa13772ba56" "check" "--frozen" "--all" "--all-targets" "--message-format=json", kill_on_drop: false }`
[INFO] [stdout] 9f279b0f01cf9f759cabe228a8a97e2e3e5eef3ac7a43091e9ffd51aaacd9563
[INFO] [stderr] WARNING: Your kernel does not support swap limit capabilities or the cgroup is not mounted. Memory limited without swap.
[INFO] running `Command { std: "docker" "start" "-a" "9f279b0f01cf9f759cabe228a8a97e2e3e5eef3ac7a43091e9ffd51aaacd9563", kill_on_drop: false }`
[INFO] [stderr]     Checking arrays-and-sorting v0.0.1 (/opt/rustwide/workdir)
[INFO] [stdout] error: invalid suffix `i` for integer literal
[INFO] [stdout]   --> src/main.rs:28:30
[INFO] [stdout]    |
[INFO] [stdout] 28 |         let mut total: int = 0i;
[INFO] [stdout]    |                              ^^ invalid suffix `i`
[INFO] [stdout]    |
[INFO] [stdout]    = help: the suffix must be one of the integral types (`u32`, `isize`, etc)
[INFO] [stdout] 
[INFO] [stdout] 
[INFO] [stdout] error: invalid suffix `i` for integer literal
[INFO] [stdout]   --> src/main.rs:30:25
[INFO] [stdout]    |
[INFO] [stdout] 30 |             if *count > 1i {
[INFO] [stdout]    |                         ^^ invalid suffix `i`
[INFO] [stdout]    |
[INFO] [stdout]    = help: the suffix must be one of the integral types (`u32`, `isize`, etc)
[INFO] [stdout] 
[INFO] [stdout] 
[INFO] [stdout] error: invalid suffix `i` for integer literal
[INFO] [stdout]   --> src/main.rs:28:30
[INFO] [stdout]    |
[INFO] [stdout] 28 |         let mut total: int = 0i;
[INFO] [stdout]    |                              ^^ invalid suffix `i`
[INFO] [stdout]    |
[INFO] [stdout]    = help: the suffix must be one of the integral types (`u32`, `isize`, etc)
[INFO] [stdout] 
[INFO] [stdout] 
[INFO] [stdout] error: invalid suffix `i` for integer literal
[INFO] [stdout]   --> src/main.rs:30:25
[INFO] [stdout]    |
[INFO] [stdout] 30 |             if *count > 1i {
[INFO] [stdout]    |                         ^^ invalid suffix `i`
[INFO] [stdout]    |
[INFO] [stdout]    = help: the suffix must be one of the integral types (`u32`, `isize`, etc)
[INFO] [stdout] 
[INFO] [stdout] 
[INFO] [stdout] error[E0412]: cannot find type `int` in this scope
[INFO] [stdout]  --> src/main.rs:7:24
[INFO] [stdout]   |
[INFO] [stdout] 7 |     let n_experiments: int = from_str(reader.read_line().unwrap().as_slice().trim()).unwrap();
[INFO] [stdout]   |                        ^^^ not found in this scope
[INFO] [stdout] 
[INFO] [stdout] 
[INFO] [stdout] error[E0425]: cannot find function `from_str` in this scope
[INFO] [stdout]  --> src/main.rs:7:30
[INFO] [stdout]   |
[INFO] [stdout] 7 |     let n_experiments: int = from_str(reader.read_line().unwrap().as_slice().trim()).unwrap();
[INFO] [stdout]   |                              ^^^^^^^^ not found in this scope
[INFO] [stdout] 
[INFO] [stdout] 
[INFO] [stdout] error[E0425]: cannot find function `range` in this scope
[INFO] [stdout]   --> src/main.rs:16:14
[INFO] [stdout]    |
[INFO] [stdout] 16 |     for _ in range(0, n_experiments) {
[INFO] [stdout]    |              ^^^^^ not found in this scope
[INFO] [stdout] 
[INFO] [stdout] 
[INFO] [stdout] error[E0412]: cannot find type `int` in this scope
[INFO] [stdout]   --> src/main.rs:17:24
[INFO] [stdout]    |
[INFO] [stdout] 17 |         let n_numbers: int = from_str(reader.read_line().unwrap().as_slice().trim()).unwrap();
[INFO] [stdout]    |                        ^^^ not found in this scope
[INFO] [stdout] 
[INFO] [stdout] 
[INFO] [stdout] error[E0425]: cannot find function `from_str` in this scope
[INFO] [stdout]   --> src/main.rs:17:30
[INFO] [stdout]    |
[INFO] [stdout] 17 |         let n_numbers: int = from_str(reader.read_line().unwrap().as_slice().trim()).unwrap();
[INFO] [stdout]    |                              ^^^^^^^^ not found in this scope
[INFO] [stdout] 
[INFO] [stdout] 
[INFO] [stdout] error[E0412]: cannot find type `int` in this scope
[INFO] [stdout]   --> src/main.rs:20:26
[INFO] [stdout]    |
[INFO] [stdout] 20 |         let numbers: Vec<int> = 
[INFO] [stdout]    |                          ^^^ not found in this scope
[INFO] [stdout] 
[INFO] [stdout] 
[INFO] [stdout] error[E0425]: cannot find function `from_str` in this scope
[INFO] [stdout]   --> src/main.rs:24:28
[INFO] [stdout]    |
[INFO] [stdout] 24 |                   .map(|s| from_str(s).unwrap())    // (4)
[INFO] [stdout]    |                            ^^^^^^^^ not found in this scope
[INFO] [stdout] 
[INFO] [stdout] 
[INFO] [stdout] error[E0412]: cannot find type `int` in this scope
[INFO] [stdout]   --> src/main.rs:26:25
[INFO] [stdout]    |
[INFO] [stdout] 26 |         let counts: Vec<int> = vec_count_elem(numbers);
[INFO] [stdout]    |                         ^^^ not found in this scope
[INFO] [stdout] 
[INFO] [stdout] 
[INFO] [stdout] error[E0412]: cannot find type `int` in this scope
[INFO] [stdout]   --> src/main.rs:28:24
[INFO] [stdout]    |
[INFO] [stdout] 28 |         let mut total: int = 0i;
[INFO] [stdout]    |                        ^^^ not found in this scope
[INFO] [stdout] 
[INFO] [stdout] 
[INFO] [stdout] error[E0412]: cannot find type `int` in this scope
[INFO] [stdout]   --> src/main.rs:39:26
[INFO] [stdout]    |
[INFO] [stdout] 39 | fn smart_permutations(n: int) -> int { n * (n-1) }
[INFO] [stdout]    |                          ^^^ not found in this scope
[INFO] [stdout] 
[INFO] [stdout] 
[INFO] [stdout] error[E0412]: cannot find type `int` in this scope
[INFO] [stdout]   --> src/main.rs:39:34
[INFO] [stdout]    |
[INFO] [stdout] 39 | fn smart_permutations(n: int) -> int { n * (n-1) }
[INFO] [stdout]    |                                  ^^^ not found in this scope
[INFO] [stdout] 
[INFO] [stdout] 
[INFO] [stdout] error[E0412]: cannot find type `int` in this scope
[INFO] [stdout]   --> src/main.rs:41:28
[INFO] [stdout]    |
[INFO] [stdout] 41 | fn vec_count_elem(vec: Vec<int>) -> Vec<int> {
[INFO] [stdout]    |                  -         ^^^ not found in this scope
[INFO] [stdout]    |                  |
[INFO] [stdout]    |                  help: you might be missing a type parameter: `<int>`
[INFO] [stdout] 
[INFO] [stdout] 
[INFO] [stdout] error[E0412]: cannot find type `int` in this scope
[INFO] [stdout]   --> src/main.rs:41:41
[INFO] [stdout]    |
[INFO] [stdout] 41 | fn vec_count_elem(vec: Vec<int>) -> Vec<int> {
[INFO] [stdout]    |                  -                      ^^^ not found in this scope
[INFO] [stdout]    |                  |
[INFO] [stdout]    |                  help: you might be missing a type parameter: `<int>`
[INFO] [stdout] 
[INFO] [stdout] 
[INFO] [stdout] error[E0412]: cannot find type `int` in this scope
[INFO] [stdout]   --> src/main.rs:42:29
[INFO] [stdout]    |
[INFO] [stdout] 41 | fn vec_count_elem(vec: Vec<int>) -> Vec<int> {
[INFO] [stdout]    |                  - help: you might be missing a type parameter: `<int>`
[INFO] [stdout] 42 |     let mut counts: HashMap<int, int> = HashMap::new();;
[INFO] [stdout]    |                             ^^^ not found in this scope
[INFO] [stdout] 
[INFO] [stdout] 
[INFO] [stdout] error[E0412]: cannot find type `int` in this scope
[INFO] [stdout]   --> src/main.rs:42:34
[INFO] [stdout]    |
[INFO] [stdout] 41 | fn vec_count_elem(vec: Vec<int>) -> Vec<int> {
[INFO] [stdout]    |                  - help: you might be missing a type parameter: `<int>`
[INFO] [stdout] 42 |     let mut counts: HashMap<int, int> = HashMap::new();;
[INFO] [stdout]    |                                  ^^^ not found in this scope
[INFO] [stdout] 
[INFO] [stdout] 
[INFO] [stdout] error[E0412]: cannot find type `int` in this scope
[INFO] [stdout]   --> src/main.rs:43:25
[INFO] [stdout]    |
[INFO] [stdout] 41 | fn vec_count_elem(vec: Vec<int>) -> Vec<int> {
[INFO] [stdout]    |                  - help: you might be missing a type parameter: `<int>`
[INFO] [stdout] 42 |     let mut counts: HashMap<int, int> = HashMap::new();;
[INFO] [stdout] 43 |     let mut result: Vec<int> = Vec::new();
[INFO] [stdout]    |                         ^^^ not found in this scope
[INFO] [stdout] 
[INFO] [stdout] 
[INFO] [stdout] warning: unnecessary trailing semicolon
[INFO] [stdout]   --> src/main.rs:42:56
[INFO] [stdout]    |
[INFO] [stdout] 42 |     let mut counts: HashMap<int, int> = HashMap::new();;
[INFO] [stdout]    |                                                        ^ help: remove this semicolon
[INFO] [stdout]    |
[INFO] [stdout]    = note: `#[warn(redundant_semicolons)]` on by default
[INFO] [stdout] 
[INFO] [stdout] 
[INFO] [stdout] error[E0061]: this function takes 1 argument but 0 arguments were supplied
[INFO] [stdout]  --> src/main.rs:7:46
[INFO] [stdout]   |
[INFO] [stdout] 7 |     let n_experiments: int = from_str(reader.read_line().unwrap().as_slice().trim()).unwrap();
[INFO] [stdout]   |                                              ^^^^^^^^^- supplied 0 arguments
[INFO] [stdout]   |                                              |
[INFO] [stdout]   |                                              expected 1 argument
[INFO] [stdout] 
[INFO] [stdout] 
[INFO] [stdout] error[E0412]: cannot find type `int` in this scope
[INFO] [stdout]  --> src/main.rs:7:24
[INFO] [stdout]   |
[INFO] [stdout] 7 |     let n_experiments: int = from_str(reader.read_line().unwrap().as_slice().trim()).unwrap();
[INFO] [stdout]   |                        ^^^ not found in this scope
[INFO] [stdout] 
[INFO] [stdout] 
[INFO] [stdout] error[E0425]: cannot find function `from_str` in this scope
[INFO] [stdout]  --> src/main.rs:7:30
[INFO] [stdout]   |
[INFO] [stdout] 7 |     let n_experiments: int = from_str(reader.read_line().unwrap().as_slice().trim()).unwrap();
[INFO] [stdout]   |                              ^^^^^^^^ not found in this scope
[INFO] [stdout] 
[INFO] [stdout] 
[INFO] [stdout] error[E0425]: cannot find function `range` in this scope
[INFO] [stdout]   --> src/main.rs:16:14
[INFO] [stdout]    |
[INFO] [stdout] 16 |     for _ in range(0, n_experiments) {
[INFO] [stdout]    |              ^^^^^ not found in this scope
[INFO] [stdout] 
[INFO] [stdout] 
[INFO] [stdout] error[E0412]: cannot find type `int` in this scope
[INFO] [stdout]   --> src/main.rs:17:24
[INFO] [stdout]    |
[INFO] [stdout] 17 |         let n_numbers: int = from_str(reader.read_line().unwrap().as_slice().trim()).unwrap();
[INFO] [stdout]    |                        ^^^ not found in this scope
[INFO] [stdout] 
[INFO] [stdout] 
[INFO] [stdout] error[E0425]: cannot find function `from_str` in this scope
[INFO] [stdout]   --> src/main.rs:17:30
[INFO] [stdout]    |
[INFO] [stdout] 17 |         let n_numbers: int = from_str(reader.read_line().unwrap().as_slice().trim()).unwrap();
[INFO] [stdout]    |                              ^^^^^^^^ not found in this scope
[INFO] [stdout] 
[INFO] [stdout] 
[INFO] [stdout] error[E0412]: cannot find type `int` in this scope
[INFO] [stdout]   --> src/main.rs:20:26
[INFO] [stdout]    |
[INFO] [stdout] 20 |         let numbers: Vec<int> = 
[INFO] [stdout]    |                          ^^^ not found in this scope
[INFO] [stdout] 
[INFO] [stdout] 
[INFO] [stdout] error[E0425]: cannot find function `from_str` in this scope
[INFO] [stdout]   --> src/main.rs:24:28
[INFO] [stdout]    |
[INFO] [stdout] 24 |                   .map(|s| from_str(s).unwrap())    // (4)
[INFO] [stdout]    |                            ^^^^^^^^ not found in this scope
[INFO] [stdout] 
[INFO] [stdout] 
[INFO] [stdout] error[E0412]: cannot find type `int` in this scope
[INFO] [stdout]   --> src/main.rs:26:25
[INFO] [stdout]    |
[INFO] [stdout] 26 |         let counts: Vec<int> = vec_count_elem(numbers);
[INFO] [stdout]    |                         ^^^ not found in this scope
[INFO] [stdout] 
[INFO] [stdout] 
[INFO] [stdout] error[E0412]: cannot find type `int` in this scope
[INFO] [stdout]   --> src/main.rs:28:24
[INFO] [stdout]    |
[INFO] [stdout] 28 |         let mut total: int = 0i;
[INFO] [stdout]    |                        ^^^ not found in this scope
[INFO] [stdout] 
[INFO] [stdout] 
[INFO] [stdout] error[E0412]: cannot find type `int` in this scope
[INFO] [stdout]   --> src/main.rs:39:26
[INFO] [stdout]    |
[INFO] [stdout] 39 | fn smart_permutations(n: int) -> int { n * (n-1) }
[INFO] [stdout]    |                          ^^^ not found in this scope
[INFO] [stdout] 
[INFO] [stdout] 
[INFO] [stdout] error[E0412]: cannot find type `int` in this scope
[INFO] [stdout]   --> src/main.rs:39:34
[INFO] [stdout]    |
[INFO] [stdout] 39 | fn smart_permutations(n: int) -> int { n * (n-1) }
[INFO] [stdout]    |                                  ^^^ not found in this scope
[INFO] [stdout] 
[INFO] [stdout] 
[INFO] [stdout] error[E0412]: cannot find type `int` in this scope
[INFO] [stdout]   --> src/main.rs:41:28
[INFO] [stdout]    |
[INFO] [stdout] 41 | fn vec_count_elem(vec: Vec<int>) -> Vec<int> {
[INFO] [stdout]    |                  -         ^^^ not found in this scope
[INFO] [stdout]    |                  |
[INFO] [stdout]    |                  help: you might be missing a type parameter: `<int>`
[INFO] [stdout] 
[INFO] [stdout] 
[INFO] [stdout] error[E0412]: cannot find type `int` in this scope
[INFO] [stdout]   --> src/main.rs:41:41
[INFO] [stdout]    |
[INFO] [stdout] 41 | fn vec_count_elem(vec: Vec<int>) -> Vec<int> {
[INFO] [stdout]    |                  -                      ^^^ not found in this scope
[INFO] [stdout]    |                  |
[INFO] [stdout]    |                  help: you might be missing a type parameter: `<int>`
[INFO] [stdout] 
[INFO] [stdout] 
[INFO] [stdout] error[E0412]: cannot find type `int` in this scope
[INFO] [stdout]   --> src/main.rs:42:29
[INFO] [stdout]    |
[INFO] [stdout] 41 | fn vec_count_elem(vec: Vec<int>) -> Vec<int> {
[INFO] [stdout]    |                  - help: you might be missing a type parameter: `<int>`
[INFO] [stdout] 42 |     let mut counts: HashMap<int, int> = HashMap::new();;
[INFO] [stdout]    |                             ^^^ not found in this scope
[INFO] [stdout] 
[INFO] [stdout] 
[INFO] [stdout] error[E0412]: cannot find type `int` in this scope
[INFO] [stdout]   --> src/main.rs:42:34
[INFO] [stdout]    |
[INFO] [stdout] 41 | fn vec_count_elem(vec: Vec<int>) -> Vec<int> {
[INFO] [stdout]    |                  - help: you might be missing a type parameter: `<int>`
[INFO] [stdout] 42 |     let mut counts: HashMap<int, int> = HashMap::new();;
[INFO] [stdout]    |                                  ^^^ not found in this scope
[INFO] [stdout] 
[INFO] [stdout] 
[INFO] [stdout] error[E0412]: cannot find type `int` in this scope
[INFO] [stdout]   --> src/main.rs:43:25
[INFO] [stdout]    |
[INFO] [stdout] 41 | fn vec_count_elem(vec: Vec<int>) -> Vec<int> {
[INFO] [stdout]    |                  - help: you might be missing a type parameter: `<int>`
[INFO] [stdout] 42 |     let mut counts: HashMap<int, int> = HashMap::new();;
[INFO] [stdout] 43 |     let mut result: Vec<int> = Vec::new();
[INFO] [stdout]    |                         ^^^ not found in this scope
[INFO] [stdout] 
[INFO] [stdout] 
[INFO] [stdout] warning: unnecessary trailing semicolon
[INFO] [stdout]   --> src/main.rs:42:56
[INFO] [stdout]    |
[INFO] [stdout] 42 |     let mut counts: HashMap<int, int> = HashMap::new();;
[INFO] [stdout]    |                                                        ^ help: remove this semicolon
[INFO] [stdout]    |
[INFO] [stdout]    = note: `#[warn(redundant_semicolons)]` on by default
[INFO] [stdout] 
[INFO] [stdout] 
[INFO] [stdout] error[E0061]: this function takes 1 argument but 0 arguments were supplied
[INFO] [stdout]  --> src/main.rs:7:46
[INFO] [stdout]   |
[INFO] [stdout] 7 |     let n_experiments: int = from_str(reader.read_line().unwrap().as_slice().trim()).unwrap();
[INFO] [stdout]   |                                              ^^^^^^^^^- supplied 0 arguments
[INFO] [stdout]   |                                              |
[INFO] [stdout]   |                                              expected 1 argument
[INFO] [stdout] 
[INFO] [stdout] 
[INFO] [stdout] error[E0599]: no method named `as_slice` found for type `usize` in the current scope
[INFO] [stdout]  --> src/main.rs:7:67
[INFO] [stdout]   |
[INFO] [stdout] 7 |     let n_experiments: int = from_str(reader.read_line().unwrap().as_slice().trim()).unwrap();
[INFO] [stdout]   |                                                                   ^^^^^^^^ method not found in `usize`
[INFO] [stdout] 
[INFO] [stdout] 
[INFO] [stdout] error[E0061]: this function takes 1 argument but 0 arguments were supplied
[INFO] [stdout]   --> src/main.rs:17:46
[INFO] [stdout]    |
[INFO] [stdout] 17 |         let n_numbers: int = from_str(reader.read_line().unwrap().as_slice().trim()).unwrap();
[INFO] [stdout]    |                                              ^^^^^^^^^- supplied 0 arguments
[INFO] [stdout]    |                                              |
[INFO] [stdout]    |                                              expected 1 argument
[INFO] [stdout] 
[INFO] [stdout] 
[INFO] [stdout] error[E0599]: no method named `as_slice` found for type `usize` in the current scope
[INFO] [stdout]   --> src/main.rs:17:67
[INFO] [stdout]    |
[INFO] [stdout] 17 |         let n_numbers: int = from_str(reader.read_line().unwrap().as_slice().trim()).unwrap();
[INFO] [stdout]    |                                                                   ^^^^^^^^ method not found in `usize`
[INFO] [stdout] 
[INFO] [stdout] 
[INFO] [stdout] error[E0061]: this function takes 1 argument but 0 arguments were supplied
[INFO] [stdout]   --> src/main.rs:21:20
[INFO] [stdout]    |
[INFO] [stdout] 21 |             reader.read_line().unwrap().as_slice()  // (1)
[INFO] [stdout]    |                    ^^^^^^^^^- supplied 0 arguments
[INFO] [stdout]    |                    |
[INFO] [stdout]    |                    expected 1 argument
[INFO] [stdout] 
[INFO] [stdout] 
[INFO] [stdout] error[E0599]: no method named `as_slice` found for type `usize` in the current scope
[INFO] [stdout]   --> src/main.rs:21:41
[INFO] [stdout]    |
[INFO] [stdout] 21 |             reader.read_line().unwrap().as_slice()  // (1)
[INFO] [stdout]    |                                         ^^^^^^^^ method not found in `usize`
[INFO] [stdout] 
[INFO] [stdout] 
[INFO] [stdout] error: aborting due to 24 previous errors; 1 warning emitted
[INFO] [stdout] 
[INFO] [stdout] 
[INFO] [stdout] Some errors have detailed explanations: E0061, E0412, E0425, E0599.
[INFO] [stdout] 
[INFO] [stdout] For more information about an error, try `rustc --explain E0061`.
[INFO] [stdout] 
[INFO] [stdout] error[E0599]: no method named `as_slice` found for type `usize` in the current scope
[INFO] [stdout]  --> src/main.rs:7:67
[INFO] [stdout]   |
[INFO] [stdout] 7 |     let n_experiments: int = from_str(reader.read_line().unwrap().as_slice().trim()).unwrap();
[INFO] [stdout]   |                                                                   ^^^^^^^^ method not found in `usize`
[INFO] [stdout] 
[INFO] [stdout] 
[INFO] [stdout] error[E0061]: this function takes 1 argument but 0 arguments were supplied
[INFO] [stdout]   --> src/main.rs:17:46
[INFO] [stdout]    |
[INFO] [stdout] 17 |         let n_numbers: int = from_str(reader.read_line().unwrap().as_slice().trim()).unwrap();
[INFO] [stdout]    |                                              ^^^^^^^^^- supplied 0 arguments
[INFO] [stdout]    |                                              |
[INFO] [stdout]    |                                              expected 1 argument
[INFO] [stdout] 
[INFO] [stdout] 
[INFO] [stderr] error: could not compile `arrays-and-sorting`.
[INFO] [stderr] 
[INFO] [stderr] To learn more, run the command again with --verbose.
[INFO] [stdout] error[E0599]: no method named `as_slice` found for type `usize` in the current scope
[INFO] [stdout]   --> src/main.rs:17:67
[INFO] [stdout]    |
[INFO] [stdout] 17 |         let n_numbers: int = from_str(reader.read_line().unwrap().as_slice().trim()).unwrap();
[INFO] [stdout]    |                                                                   ^^^^^^^^ method not found in `usize`
[INFO] [stdout] 
[INFO] [stdout] 
[INFO] [stderr] warning: build failed, waiting for other jobs to finish...
[INFO] [stdout] error[E0061]: this function takes 1 argument but 0 arguments were supplied
[INFO] [stdout]   --> src/main.rs:21:20
[INFO] [stdout]    |
[INFO] [stdout] 21 |             reader.read_line().unwrap().as_slice()  // (1)
[INFO] [stdout]    |                    ^^^^^^^^^- supplied 0 arguments
[INFO] [stdout]    |                    |
[INFO] [stdout]    |                    expected 1 argument
[INFO] [stdout] 
[INFO] [stdout] 
[INFO] [stdout] error[E0599]: no method named `as_slice` found for type `usize` in the current scope
[INFO] [stdout]   --> src/main.rs:21:41
[INFO] [stdout]    |
[INFO] [stdout] 21 |             reader.read_line().unwrap().as_slice()  // (1)
[INFO] [stdout]    |                                         ^^^^^^^^ method not found in `usize`
[INFO] [stdout] 
[INFO] [stdout] 
[INFO] [stdout] error: aborting due to 24 previous errors; 1 warning emitted
[INFO] [stdout] 
[INFO] [stdout] 
[INFO] [stdout] Some errors have detailed explanations: E0061, E0412, E0425, E0599.
[INFO] [stdout] 
[INFO] [stdout] For more information about an error, try `rustc --explain E0061`.
[INFO] [stdout] 
[INFO] [stderr] error: build failed
[INFO] running `Command { std: "docker" "inspect" "9f279b0f01cf9f759cabe228a8a97e2e3e5eef3ac7a43091e9ffd51aaacd9563", kill_on_drop: false }`
[INFO] running `Command { std: "docker" "rm" "-f" "9f279b0f01cf9f759cabe228a8a97e2e3e5eef3ac7a43091e9ffd51aaacd9563", kill_on_drop: false }`
[INFO] [stdout] 9f279b0f01cf9f759cabe228a8a97e2e3e5eef3ac7a43091e9ffd51aaacd9563
